{"id":3867,"date":"2021-11-07T14:20:30","date_gmt":"2021-11-07T13:20:30","guid":{"rendered":"https:\/\/centrecasals.com\/inteligencia-emocional\/"},"modified":"2022-04-19T18:22:25","modified_gmt":"2022-04-19T16:22:25","slug":"inteligencia-emocional","status":"publish","type":"page","link":"https:\/\/centrecasals.com\/es\/inteligencia-emocional\/","title":{"rendered":"Inteligencia emocional"},"content":{"rendered":"<div class=\"fusion-fullwidth fullwidth-box fusion-builder-row-1 fusion-flex-container nonhundred-percent-fullwidth non-hundred-percent-height-scrolling\" style=\"--awb-border-radius-top-left:0px;--awb-border-radius-top-right:0px;--awb-border-radius-bottom-right:0px;--awb-border-radius-bottom-left:0px;--awb-flex-wrap:wrap;\" ><div class=\"fusion-builder-row fusion-row fusion-flex-align-items-flex-start fusion-flex-content-wrap\" style=\"max-width:1352px;margin-left: calc(-4% \/ 2 );margin-right: calc(-4% \/ 2 );\"><div class=\"fusion-layout-column fusion_builder_column fusion-builder-column-0 fusion_builder_column_1_1 1_1 fusion-flex-column\" style=\"--awb-bg-size:cover;--awb-width-large:100%;--awb-margin-top-large:0px;--awb-spacing-right-large:1.92%;--awb-margin-bottom-large:0px;--awb-spacing-left-large:1.92%;--awb-width-medium:100%;--awb-spacing-right-medium:1.92%;--awb-spacing-left-medium:1.92%;--awb-width-small:100%;--awb-spacing-right-small:1.92%;--awb-spacing-left-small:1.92%;\"><div class=\"fusion-column-wrapper fusion-flex-justify-content-flex-start fusion-content-layout-column\"><div class=\"fusion-text fusion-text-1\"><h1 class=\"fusion-responsive-typography-calculated\" style=\"--fontsize: 40; line-height: 1.4;\" data-fontsize=\"40\" data-lineheight=\"56px\">Inteligencia Emocional con herramientas de Teatro y Terapia Gestalt<\/h1>\n<p>Es una actividad que combina las artes esc\u00e9nicas con la perspectiva de la terapia Gestalt y la inteligencia emocional. A trav\u00e9s de din\u00e1micas teatrales pensadas para favorecer la expresi\u00f3n y liberar bloqueos, acompa\u00f1an a cada persona a un autodescubrimiento en el contexto grupal.<\/p>\n<p><img decoding=\"async\" class=\"size-fusion-400 wp-image-3551 alignleft\" src=\"https:\/\/centrecasals.com\/wp-content\/uploads\/2021\/09\/241687468_4240475076047567_6029279254812622361_n-400x400.png\" alt=\"\" width=\"400\" height=\"400\" srcset=\"https:\/\/centrecasals.com\/wp-content\/uploads\/2021\/09\/241687468_4240475076047567_6029279254812622361_n-66x66.png 66w, https:\/\/centrecasals.com\/wp-content\/uploads\/2021\/09\/241687468_4240475076047567_6029279254812622361_n-150x150.png 150w, https:\/\/centrecasals.com\/wp-content\/uploads\/2021\/09\/241687468_4240475076047567_6029279254812622361_n-200x200.png 200w, https:\/\/centrecasals.com\/wp-content\/uploads\/2021\/09\/241687468_4240475076047567_6029279254812622361_n-300x300.png 300w, https:\/\/centrecasals.com\/wp-content\/uploads\/2021\/09\/241687468_4240475076047567_6029279254812622361_n-400x400.png 400w, https:\/\/centrecasals.com\/wp-content\/uploads\/2021\/09\/241687468_4240475076047567_6029279254812622361_n-600x600.png 600w, https:\/\/centrecasals.com\/wp-content\/uploads\/2021\/09\/241687468_4240475076047567_6029279254812622361_n-768x768.png 768w, https:\/\/centrecasals.com\/wp-content\/uploads\/2021\/09\/241687468_4240475076047567_6029279254812622361_n-800x800.png 800w, https:\/\/centrecasals.com\/wp-content\/uploads\/2021\/09\/241687468_4240475076047567_6029279254812622361_n.png 843w\" sizes=\"(max-width: 400px) 100vw, 400px\" \/><b><\/b><\/p>\n<p>Con el uso de t\u00e9cnicas terap\u00e9uticas espec\u00edficas se procesan experiencias v\u00edvidas y se entiende el apetito por los propios conflictos y su soluci\u00f3n, facilitando la integraci\u00f3n del aprendizaje en la vida cotidiana.<\/p>\n<p>En un contexto l\u00fadico y casual, las propuestas din\u00e1micas de esta actividad proporcionan un contexto de grupo seguro para la autoconciencia, la expresi\u00f3n y el contacto con los dem\u00e1s&#8230;<\/p>\n<p><b>Para qui\u00e9n?<\/b><\/p>\n<p>Personas que quieran encontrar un espacio para compartir, y por la noche, para entender sus propias emociones y la expresi\u00f3n de ellas a trav\u00e9s de las personas ficticias y las situaciones que surgir\u00e1n. No se necesitar\u00eda experiencia previa.<\/p>\n<p><b>Ofrecemos dos grupos:<\/b><\/p>\n<p>Adultos<\/p>\n<p>Adolescentes (de 12 a 16 a\u00f1os)<\/p>\n<p><b>\u00a0<\/b><\/p>\n<p>&nbsp;<\/p>\n<\/div><div class=\"fusion-builder-row fusion-builder-row-inner fusion-row fusion-flex-align-items-flex-start fusion-flex-content-wrap\" style=\"width:104% !important;max-width:104% !important;margin-left: calc(-4% \/ 2 );margin-right: calc(-4% \/ 2 );\"><div class=\"fusion-layout-column fusion_builder_column_inner fusion-builder-nested-column-0 fusion_builder_column_inner_1_2 1_2 fusion-flex-column\" style=\"--awb-bg-size:cover;--awb-width-large:50%;--awb-margin-top-large:0px;--awb-spacing-right-large:3.84%;--awb-margin-bottom-large:20px;--awb-spacing-left-large:3.84%;--awb-width-medium:100%;--awb-order-medium:0;--awb-spacing-right-medium:1.92%;--awb-spacing-left-medium:1.92%;--awb-width-small:100%;--awb-order-small:0;--awb-spacing-right-small:1.92%;--awb-spacing-left-small:1.92%;\"><div class=\"fusion-column-wrapper fusion-column-has-shadow fusion-flex-justify-content-flex-start fusion-content-layout-column\"><div class=\"fusion-text fusion-text-2\"><p><b style=\"background-color: rgba(255, 255, 255, 0); color: var(--body_typography-color); font-family: var(--body_typography-font-family); font-size: var(--body_typography-font-size); font-style: var(--body_typography-font-style,normal); letter-spacing: var(--body_typography-letter-spacing);\">Paula:<\/b><\/p>\n<ul>\n<li class=\"fusion-li-item-content\">Graduada en Psicolog\u00eda<img decoding=\"async\" class=\"alignright wp-image-3019\" src=\"https:\/\/centrecasals.com\/wp-content\/uploads\/2020\/09\/Psicologa.jpg\" alt=\"\" width=\"144\" height=\"163\" \/><\/li>\n<li class=\"fusion-li-item-content\">M\u00e1ster en Psicolog\u00eda General Sanitaria<\/li>\n<li>Licenciada en Trabajo Social<\/li>\n<li>Formada en Terapia Gestalt, Terapia Transpersonal Integrativa, Terapia Som\u00e1tica i arte dram\u00e1tico<\/li>\n<li>Experta en Inteligencia Emocional para ni\u00f1os y preadolescentes por la Universidad Internacional de Bircham<\/li>\n<\/ul>\n<\/div><\/div><\/div><\/div><div class=\"fusion-image-element \" style=\"text-align:center;--awb-caption-title-font-family:var(--h2_typography-font-family);--awb-caption-title-font-weight:var(--h2_typography-font-weight);--awb-caption-title-font-style:var(--h2_typography-font-style);--awb-caption-title-size:var(--h2_typography-font-size);--awb-caption-title-transform:var(--h2_typography-text-transform);--awb-caption-title-line-height:var(--h2_typography-line-height);--awb-caption-title-letter-spacing:var(--h2_typography-letter-spacing);\"><span class=\" fusion-imageframe imageframe-none imageframe-1 hover-type-none\"><img decoding=\"async\" width=\"600\" height=\"720\" title=\"Cartell-horaris-febrer-2022\" src=\"https:\/\/centrecasals.com\/wp-content\/uploads\/2022\/03\/Cartell-horaris-febrer-2022-600x720.jpg\" alt class=\"img-responsive wp-image-4091\" srcset=\"https:\/\/centrecasals.com\/wp-content\/uploads\/2022\/03\/Cartell-horaris-febrer-2022-200x240.jpg 200w, https:\/\/centrecasals.com\/wp-content\/uploads\/2022\/03\/Cartell-horaris-febrer-2022-400x480.jpg 400w, https:\/\/centrecasals.com\/wp-content\/uploads\/2022\/03\/Cartell-horaris-febrer-2022-600x720.jpg 600w, https:\/\/centrecasals.com\/wp-content\/uploads\/2022\/03\/Cartell-horaris-febrer-2022-800x960.jpg 800w, https:\/\/centrecasals.com\/wp-content\/uploads\/2022\/03\/Cartell-horaris-febrer-2022-1200x1440.jpg 1200w, https:\/\/centrecasals.com\/wp-content\/uploads\/2022\/03\/Cartell-horaris-febrer-2022.jpg 1457w\" sizes=\"(max-width: 1024px) 100vw, (max-width: 600px) 100vw, 600px\" \/><\/span><\/div><\/div><\/div><\/div><\/div>\n","protected":false},"excerpt":{"rendered":"","protected":false},"author":10,"featured_media":0,"parent":0,"menu_order":0,"comment_status":"closed","ping_status":"closed","template":"","meta":{"footnotes":""},"aioseo_notices":[],"jetpack_sharing_enabled":true,"_links":{"self":[{"href":"https:\/\/centrecasals.com\/es\/wp-json\/wp\/v2\/pages\/3867"}],"collection":[{"href":"https:\/\/centrecasals.com\/es\/wp-json\/wp\/v2\/pages"}],"about":[{"href":"https:\/\/centrecasals.com\/es\/wp-json\/wp\/v2\/types\/page"}],"author":[{"embeddable":true,"href":"https:\/\/centrecasals.com\/es\/wp-json\/wp\/v2\/users\/10"}],"replies":[{"embeddable":true,"href":"https:\/\/centrecasals.com\/es\/wp-json\/wp\/v2\/comments?post=3867"}],"version-history":[{"count":12,"href":"https:\/\/centrecasals.com\/es\/wp-json\/wp\/v2\/pages\/3867\/revisions"}],"predecessor-version":[{"id":4142,"href":"https:\/\/centrecasals.com\/es\/wp-json\/wp\/v2\/pages\/3867\/revisions\/4142"}],"wp:attachment":[{"href":"https:\/\/centrecasals.com\/es\/wp-json\/wp\/v2\/media?parent=3867"}],"curies":[{"name":"wp","href":"https:\/\/api.w.org\/{rel}","templated":true}]}}

<div class="fusion-fullwidth fullwidth-box fusion-builder-row-1 fusion-flex-container nonhundred-percent-fullwidth non-hundred-percent-height-scrolling" style="--awb-border-radius-top-left:0px;--awb-border-radius-top-right:0px;--awb-border-radius-bottom-right:0px;--awb-border-radius-bottom-left:0px;--awb-flex-wrap:wrap;" ><div class="fusion-builder-row fusion-row fusion-flex-align-items-flex-start fusion-flex-content-wrap" style="max-width:1352px;margin-left: calc(-4% / 2 );margin-right: calc(-4% / 2 );"><div class="fusion-layout-column fusion_builder_column fusion-builder-column-0 fusion_builder_column_1_1 1_1 fusion-flex-column" style="--awb-bg-size:cover;--awb-width-large:100%;--awb-margin-top-large:0px;--awb-spacing-right-large:1.92%;--awb-margin-bottom-large:0px;--awb-spacing-left-large:1.92%;--awb-width-medium:100%;--awb-spacing-right-medium:1.92%;--awb-spacing-left-medium:1.92%;--awb-width-small:100%;--awb-spacing-right-small:1.92%;--awb-spacing-left-small:1.92%;"><div class="fusion-column-wrapper fusion-flex-justify-content-flex-start fusion-content-layout-column"><div class="fusion-text fusion-text-1"><h1 class="fusion-responsive-typography-calculated" style="--fontsize: 40; line-height: 1.4;" data-fontsize="40" data-lineheight="56px">Inteligencia Emocional con herramientas de Teatro y Terapia Gestalt</h1>
<p>Es una actividad que combina las artes escénicas con la perspectiva de la terapia Gestalt y la inteligencia emocional. A través de dinámicas teatrales pensadas para favorecer la expresión y liberar bloqueos, acompañan a cada persona a un autodescubrimiento en el contexto grupal.</p>
<p><img decoding="async" class="size-fusion-400 wp-image-3551 alignleft" src="https://centrecasals.com/wp-content/uploads/2021/09/241687468_4240475076047567_6029279254812622361_n-400x400.png" alt="" width="400" height="400" srcset="https://centrecasals.com/wp-content/uploads/2021/09/241687468_4240475076047567_6029279254812622361_n-66x66.png 66w, https://centrecasals.com/wp-content/uploads/2021/09/241687468_4240475076047567_6029279254812622361_n-150x150.png 150w, https://centrecasals.com/wp-content/uploads/2021/09/241687468_4240475076047567_6029279254812622361_n-200x200.png 200w, https://centrecasals.com/wp-content/uploads/2021/09/241687468_4240475076047567_6029279254812622361_n-300x300.png 300w, https://centrecasals.com/wp-content/uploads/2021/09/241687468_4240475076047567_6029279254812622361_n-400x400.png 400w, https://centrecasals.com/wp-content/uploads/2021/09/241687468_4240475076047567_6029279254812622361_n-600x600.png 600w, https://centrecasals.com/wp-content/uploads/2021/09/241687468_4240475076047567_6029279254812622361_n-768x768.png 768w, https://centrecasals.com/wp-content/uploads/2021/09/241687468_4240475076047567_6029279254812622361_n-800x800.png 800w, https://centrecasals.com/wp-content/uploads/2021/09/241687468_4240475076047567_6029279254812622361_n.png 843w" sizes="(max-width: 400px) 100vw, 400px" /><b></b></p>
<p>Con el uso de técnicas terapéuticas específicas se procesan experiencias vívidas y se entiende el apetito por los propios conflictos y su solución, facilitando la integración del aprendizaje en la vida cotidiana.</p>
<p>En un contexto lúdico y casual, las propuestas dinámicas de esta actividad proporcionan un contexto de grupo seguro para la autoconciencia, la expresión y el contacto con los demás&#8230;</p>
<p><b>Para quién?</b></p>
<p>Personas que quieran encontrar un espacio para compartir, y por la noche, para entender sus propias emociones y la expresión de ellas a través de las personas ficticias y las situaciones que surgirán. No se necesitaría experiencia previa.</p>
<p><b>Ofrecemos dos grupos:</b></p>
<p>Adultos</p>
<p>Adolescentes (de 12 a 16 años)</p>
<p><b> </b></p>
<p>&nbsp;</p>
</div><div class="fusion-builder-row fusion-builder-row-inner fusion-row fusion-flex-align-items-flex-start fusion-flex-content-wrap" style="width:104% !important;max-width:104% !important;margin-left: calc(-4% / 2 );margin-right: calc(-4% / 2 );"><div class="fusion-layout-column fusion_builder_column_inner fusion-builder-nested-column-0 fusion_builder_column_inner_1_2 1_2 fusion-flex-column" style="--awb-bg-size:cover;--awb-width-large:50%;--awb-margin-top-large:0px;--awb-spacing-right-large:3.84%;--awb-margin-bottom-large:20px;--awb-spacing-left-large:3.84%;--awb-width-medium:100%;--awb-order-medium:0;--awb-spacing-right-medium:1.92%;--awb-spacing-left-medium:1.92%;--awb-width-small:100%;--awb-order-small:0;--awb-spacing-right-small:1.92%;--awb-spacing-left-small:1.92%;"><div class="fusion-column-wrapper fusion-column-has-shadow fusion-flex-justify-content-flex-start fusion-content-layout-column"><div class="fusion-text fusion-text-2"><p><b style="background-color: rgba(255, 255, 255, 0); color: var(--body_typography-color); font-family: var(--body_typography-font-family); font-size: var(--body_typography-font-size); font-style: var(--body_typography-font-style,normal); letter-spacing: var(--body_typography-letter-spacing);">Paula:</b></p>
<ul>
<li class="fusion-li-item-content">Graduada en Psicología<img decoding="async" class="alignright wp-image-3019" src="https://centrecasals.com/wp-content/uploads/2020/09/Psicologa.jpg" alt="" width="144" height="163" /></li>
<li class="fusion-li-item-content">Máster en Psicología General Sanitaria</li>
<li>Licenciada en Trabajo Social</li>
<li>Formada en Terapia Gestalt, Terapia Transpersonal Integrativa, Terapia Somática i arte dramático</li>
<li>Experta en Inteligencia Emocional para niños y preadolescentes por la Universidad Internacional de Bircham</li>
</ul>
</div></div></div></div><div class="fusion-image-element " style="text-align:center;--awb-caption-title-font-family:var(--h2_typography-font-family);--awb-caption-title-font-weight:var(--h2_typography-font-weight);--awb-caption-title-font-style:var(--h2_typography-font-style);--awb-caption-title-size:var(--h2_typography-font-size);--awb-caption-title-transform:var(--h2_typography-text-transform);--awb-caption-title-line-height:var(--h2_typography-line-height);--awb-caption-title-letter-spacing:var(--h2_typography-letter-spacing);"><span class=" fusion-imageframe imageframe-none imageframe-1 hover-type-none"><img decoding="async" width="600" height="720" title="Cartell-horaris-febrer-2022" src="https://centrecasals.com/wp-content/uploads/2022/03/Cartell-horaris-febrer-2022-600x720.jpg" alt class="img-responsive wp-image-4091" srcset="https://centrecasals.com/wp-content/uploads/2022/03/Cartell-horaris-febrer-2022-200x240.jpg 200w, https://centrecasals.com/wp-content/uploads/2022/03/Cartell-horaris-febrer-2022-400x480.jpg 400w, https://centrecasals.com/wp-content/uploads/2022/03/Cartell-horaris-febrer-2022-600x720.jpg 600w, https://centrecasals.com/wp-content/uploads/2022/03/Cartell-horaris-febrer-2022-800x960.jpg 800w, https://centrecasals.com/wp-content/uploads/2022/03/Cartell-horaris-febrer-2022-1200x1440.jpg 1200w, https://centrecasals.com/wp-content/uploads/2022/03/Cartell-horaris-febrer-2022.jpg 1457w" sizes="(max-width: 1024px) 100vw, (max-width: 600px) 100vw, 600px" /></span></div></div></div></div></div>
