{"id":4200,"date":"2022-06-28T08:56:01","date_gmt":"2022-06-28T06:56:01","guid":{"rendered":"https:\/\/centrecasals.com\/?page_id=4200"},"modified":"2022-06-28T09:07:21","modified_gmt":"2022-06-28T07:07:21","slug":"rehabilitacion-pulmonar-en-pacientes-post-covid19","status":"publish","type":"page","link":"https:\/\/centrecasals.com\/es\/rehabilitacion-pulmonar-en-pacientes-post-covid19\/","title":{"rendered":"Rehabilitaci\u00f3n pulmonar en pacientes post Covid19"},"content":{"rendered":"<h1 class=\"title single-title\">La rehabilitaci\u00f3n pulmonar en el paciente post Covid-19, valoraci\u00f3n de la situaci\u00f3n actual en la Comunidad de Madrid<\/h1>\n<p><a href=\"https:\/\/centrecasals.com\/wp-content\/uploads\/2022\/06\/ZHa29_GettyImages-1144942595.jpg\"><img decoding=\"async\" class=\"wp-image-4204 size-full alignnone\" src=\"https:\/\/centrecasals.com\/wp-content\/uploads\/2022\/06\/ZHa29_GettyImages-1144942595.jpg\" alt=\"\" width=\"756\" height=\"240\" srcset=\"https:\/\/centrecasals.com\/wp-content\/uploads\/2022\/06\/ZHa29_GettyImages-1144942595-200x63.jpg 200w, https:\/\/centrecasals.com\/wp-content\/uploads\/2022\/06\/ZHa29_GettyImages-1144942595-300x95.jpg 300w, https:\/\/centrecasals.com\/wp-content\/uploads\/2022\/06\/ZHa29_GettyImages-1144942595-400x127.jpg 400w, https:\/\/centrecasals.com\/wp-content\/uploads\/2022\/06\/ZHa29_GettyImages-1144942595-600x190.jpg 600w, https:\/\/centrecasals.com\/wp-content\/uploads\/2022\/06\/ZHa29_GettyImages-1144942595.jpg 756w\" sizes=\"(max-width: 756px) 100vw, 756px\" \/><\/a><\/p>\n<p><strong>Peroy-Badal R (a), Surroca-S\u00e0bat M (b), Fern\u00e1ndez-Blanco R (c), Sevillano-Casta\u00f1o A (d), Cerde\u00f1o-Arconada JD (e)<\/strong><\/p>\n<p>Las investigaciones han dado mayor conocimiento sobre las necesidades terap\u00e9uticas en pacientes post-Covid, y reconocen los beneficios de participar en programas de Rehabilitaci\u00f3n Pulmonar. <strong>El objetivo principal del estudio es analizar su grado de implementaci\u00f3n en los Hospitales de la Comunidad de Madrid.<\/strong><\/p>\n<p><em>(a) Fisioterapeuta HUIL. Miembro de la Sociedad SEPAR y Neumomadrid. Madrid. Espa\u00f1a<\/em><br \/>\n<em>(b) Fisioterapeuta. Fundaci\u00f3n Oreig. Miembro de la Sociedad SEPAR. Palam\u00f3s. Espa\u00f1a<\/em><br \/>\n<em>(c) Fisitoterapeuta HGUGM. Miembro de la Sociedad SEPAR y Neumomadrid. Madrid. Espa\u00f1a<\/em><br \/>\n<em>(d) Fisioterapeuta HUIL Miembro de la Sociedad SEPAR. Madrid. Espa\u00f1a<\/em><br \/>\n<em>(e) Fisioterapeuta de la Unidad de Continuidad Asistencial y Adjunto al \u00c1rea de Cronicidad de la Comunidad de Madrid. Madrid. Espa\u00f1a<\/em><\/p>\n<p><strong>Material y m\u00e9todo<\/strong>: estudio descriptivo observacional de corte transversal, realizado en las unidades de rehabilitaci\u00f3n de los Centros Hospitalarios de la Comunidad de Madrid, a trav\u00e9s de una encuesta on-line.<\/p>\n<p><strong>Resultados:<\/strong> el tratamiento fisioterap\u00e9utico de pacientes con Covid-19 se inici\u00f3 en marzo de 2020. Actualmente el 100 % de los hospitales atiende esta patolog\u00eda. El 93,1 % realizan un abordaje individualizado, mientras que el 41 % tambi\u00e9n incluyen programas de intervenci\u00f3n grupal siguiendo modelos adaptados de Rehabilitaci\u00f3n Pulmonar. La tele rehabilitaci\u00f3n es escasa. Existe una gran variabilidad en el contenido de los programas, en la mayor\u00eda de los casos, adaptados seg\u00fan las necesidades del paciente, realizando drenaje bronquial y reeducaci\u00f3n respiratoria en el 89,7% y 72,4% de los casos respectivamente.<\/p>\n<p><strong>Conclusiones:<\/strong> la implementaci\u00f3n del tratamiento fisioterap\u00e9utico post-Covid-19 ha sido generalizado desde el inicio de la pandemia. En la valoraci\u00f3n integral del paciente, los test m\u00e1s utilizados fueron test de marcha de los 6 minutos (85 %); test de fuerza muscular (83 %); escala Barthel (70 %); test de alteraciones cognitivas (63 %), test ansiedad y depresi\u00f3n (60 %). Se sugiere la necesidad de fomentar nuevas l\u00edneas de investigaci\u00f3n en relaci\u00f3n a la tele rehabilitaci\u00f3n como v\u00eda de mejora en la accesibilidad de los pacientes y en su continuidad asistencial.<\/p>\n<p><a href=\"https:\/\/centrecasals.com\/wp-content\/uploads\/2022\/06\/ARTICLE-CENTRE-CASALS.pdf\">Descargar aqu\u00ed el estudio completo\u00a0<\/a><\/p>\n","protected":false},"excerpt":{"rendered":"<p>La rehabilitaci\u00f3n pulmonar en el paciente post Covid-19, valoraci\u00f3n de [&hellip;]<\/p>\n","protected":false},"author":2,"featured_media":0,"parent":0,"menu_order":0,"comment_status":"closed","ping_status":"closed","template":"","meta":{"footnotes":""},"aioseo_notices":[],"jetpack_sharing_enabled":true,"_links":{"self":[{"href":"https:\/\/centrecasals.com\/es\/wp-json\/wp\/v2\/pages\/4200"}],"collection":[{"href":"https:\/\/centrecasals.com\/es\/wp-json\/wp\/v2\/pages"}],"about":[{"href":"https:\/\/centrecasals.com\/es\/wp-json\/wp\/v2\/types\/page"}],"author":[{"embeddable":true,"href":"https:\/\/centrecasals.com\/es\/wp-json\/wp\/v2\/users\/2"}],"replies":[{"embeddable":true,"href":"https:\/\/centrecasals.com\/es\/wp-json\/wp\/v2\/comments?post=4200"}],"version-history":[{"count":5,"href":"https:\/\/centrecasals.com\/es\/wp-json\/wp\/v2\/pages\/4200\/revisions"}],"predecessor-version":[{"id":4216,"href":"https:\/\/centrecasals.com\/es\/wp-json\/wp\/v2\/pages\/4200\/revisions\/4216"}],"wp:attachment":[{"href":"https:\/\/centrecasals.com\/es\/wp-json\/wp\/v2\/media?parent=4200"}],"curies":[{"name":"wp","href":"https:\/\/api.w.org\/{rel}","templated":true}]}}

Rehabilitación pulmonar en pacientes post Covid19

<h1 class="title single-title">La rehabilitación pulmonar en el paciente post Covid-19, valoración de la situación actual en la Comunidad de Madrid</h1>
<p><a href="https://centrecasals.com/wp-content/uploads/2022/06/ZHa29_GettyImages-1144942595.jpg"><img decoding="async" class="wp-image-4204 size-full alignnone" src="https://centrecasals.com/wp-content/uploads/2022/06/ZHa29_GettyImages-1144942595.jpg" alt="" width="756" height="240" srcset="https://centrecasals.com/wp-content/uploads/2022/06/ZHa29_GettyImages-1144942595-200x63.jpg 200w, https://centrecasals.com/wp-content/uploads/2022/06/ZHa29_GettyImages-1144942595-300x95.jpg 300w, https://centrecasals.com/wp-content/uploads/2022/06/ZHa29_GettyImages-1144942595-400x127.jpg 400w, https://centrecasals.com/wp-content/uploads/2022/06/ZHa29_GettyImages-1144942595-600x190.jpg 600w, https://centrecasals.com/wp-content/uploads/2022/06/ZHa29_GettyImages-1144942595.jpg 756w" sizes="(max-width: 756px) 100vw, 756px" /></a></p>
<p><strong>Peroy-Badal R (a), Surroca-Sàbat M (b), Fernández-Blanco R (c), Sevillano-Castaño A (d), Cerdeño-Arconada JD (e)</strong></p>
<p>Las investigaciones han dado mayor conocimiento sobre las necesidades terapéuticas en pacientes post-Covid, y reconocen los beneficios de participar en programas de Rehabilitación Pulmonar. <strong>El objetivo principal del estudio es analizar su grado de implementación en los Hospitales de la Comunidad de Madrid.</strong></p>
<p><em>(a) Fisioterapeuta HUIL. Miembro de la Sociedad SEPAR y Neumomadrid. Madrid. España</em><br />
<em>(b) Fisioterapeuta. Fundación Oreig. Miembro de la Sociedad SEPAR. Palamós. España</em><br />
<em>(c) Fisitoterapeuta HGUGM. Miembro de la Sociedad SEPAR y Neumomadrid. Madrid. España</em><br />
<em>(d) Fisioterapeuta HUIL Miembro de la Sociedad SEPAR. Madrid. España</em><br />
<em>(e) Fisioterapeuta de la Unidad de Continuidad Asistencial y Adjunto al Área de Cronicidad de la Comunidad de Madrid. Madrid. España</em></p>
<p><strong>Material y método</strong>: estudio descriptivo observacional de corte transversal, realizado en las unidades de rehabilitación de los Centros Hospitalarios de la Comunidad de Madrid, a través de una encuesta on-line.</p>
<p><strong>Resultados:</strong> el tratamiento fisioterapéutico de pacientes con Covid-19 se inició en marzo de 2020. Actualmente el 100 % de los hospitales atiende esta patología. El 93,1 % realizan un abordaje individualizado, mientras que el 41 % también incluyen programas de intervención grupal siguiendo modelos adaptados de Rehabilitación Pulmonar. La tele rehabilitación es escasa. Existe una gran variabilidad en el contenido de los programas, en la mayoría de los casos, adaptados según las necesidades del paciente, realizando drenaje bronquial y reeducación respiratoria en el 89,7% y 72,4% de los casos respectivamente.</p>
<p><strong>Conclusiones:</strong> la implementación del tratamiento fisioterapéutico post-Covid-19 ha sido generalizado desde el inicio de la pandemia. En la valoración integral del paciente, los test más utilizados fueron test de marcha de los 6 minutos (85 %); test de fuerza muscular (83 %); escala Barthel (70 %); test de alteraciones cognitivas (63 %), test ansiedad y depresión (60 %). Se sugiere la necesidad de fomentar nuevas líneas de investigación en relación a la tele rehabilitación como vía de mejora en la accesibilidad de los pacientes y en su continuidad asistencial.</p>
<p><a href="https://centrecasals.com/wp-content/uploads/2022/06/ARTICLE-CENTRE-CASALS.pdf">Descargar aquí el estudio completo </a></p>

<p>La rehabilitación pulmonar en el paciente post Covid-19, valoración de [&hellip;]</p>
